{"id":290,"date":"2015-05-01T13:27:24","date_gmt":"2015-05-01T13:27:24","guid":{"rendered":"https:\/\/gfingenieria.com.ar\/?page_id=290"},"modified":"2018-10-28T12:58:13","modified_gmt":"2018-10-28T12:58:13","slug":"diagnostic-services","status":"publish","type":"page","link":"https:\/\/gfingenieria.com.ar\/?page_id=290","title":{"rendered":"Conductos para Aire Acondicionado"},"content":{"rendered":"<p>[vc_row parallax_speed=\u00bb5&#8243; parallax_x=\u00bb0&#8243; parallax_y=\u00bb0&#8243;][vc_column width=\u00bb1\/3&#8243;][vc_single_image image=\u00bb891&#8243; img_size=\u00bbfull\u00bb lightbox=\u00bbyes\u00bb][\/vc_column][vc_column width=\u00bb1\/3&#8243;][vc_images_carousel images=\u00bb886,889,887,891&#8243; img_size=\u00bbfull\u00bb][\/vc_column][vc_column width=\u00bb1\/3&#8243;][vc_single_image image=\u00bb890&#8243; img_size=\u00bbfull\u00bb lightbox=\u00bbyes\u00bb][\/vc_column][\/vc_row][vc_row parallax_speed=\u00bb5&#8243; parallax_x=\u00bb0&#8243; parallax_y=\u00bb0&#8243;][vc_column width=\u00bb1\/2&#8243;][vc_empty_space height=\u00bb20px\u00bb][vc_column_text]<\/p>\n<h4>\u00bfQu\u00e9 hacemos?<\/h4>\n<p>Realizamos la fabricaci\u00f3n e instalaci\u00f3n de conductos para aire acondicionado con el sistema\u00a0 Climaver. Es un sistema para la construcci\u00f3n de conductos autoportantes para aire acondicionado, Calefacci\u00f3n y Ventilaci\u00f3n, a partir de un\u00a0panel r\u00edgido de lana de vidrio de alta densidad, aglomerado con resinas\u00a0termoendurecibles.[\/vc_column_text][vc_empty_space][vc_cta h2=\u00bbCatalogo Seguridad\u00bb style=\u00bbflat\u00bb color=\u00bbwhite\u00bb add_button=\u00bbright\u00bb btn_title=\u00bbDescargar\u00bb btn_style=\u00bbcustom\u00bb btn_custom_background=\u00bb#2d5aae\u00bb btn_custom_text=\u00bb#ffffff\u00bb add_icon=\u00bbleft\u00bb i_icon_fontawesome=\u00bbfa fa-download\u00bb i_color=\u00bbcustom\u00bb i_size=\u00bbxl\u00bb btn_link=\u00bburl:https%3A%2F%2Fwww.isover.com.ar%2Fsites%2Fisover.ar%2Ffiles%2Fassets%2Fdocuments%2Fhoja_de_seguridad_lana_de_vidrio_isover.pdf|||\u00bb i_custom_color=\u00bb#333333&#8243;]Hoja de seguridad Lana de Vidrio Isover[\/vc_cta][vc_cta h2=\u00bbCatalogo ISOVER\u00bb h4=\u00bbCat\u00e1logo Industria\u00bb style=\u00bbflat\u00bb color=\u00bbwhite\u00bb add_button=\u00bbright\u00bb btn_title=\u00bbDescargar\u00bb btn_style=\u00bbcustom\u00bb btn_custom_background=\u00bb#2d5aae\u00bb btn_custom_text=\u00bb#ffffff\u00bb add_icon=\u00bbleft\u00bb i_icon_fontawesome=\u00bbfa fa-usd\u00bb i_color=\u00bbcustom\u00bb i_size=\u00bbxl\u00bb btn_link=\u00bburl:https%3A%2F%2Fwww.isover.com.ar%2Fsites%2Fisover.ar%2Ffiles%2Fassets%2Fdocuments%2Fepdclimaverplus.pdf|||\u00bb i_custom_color=\u00bb#333333&#8243;]<\/p>\n<div class=\"doc-date\">EPD CLIMAVER PLUS<\/div>\n<p>[\/vc_cta][\/vc_column][vc_column width=\u00bb1\/2&#8243;][vc_empty_space height=\u00bb20px\u00bb][vc_column_text]<\/p>\n<h4>Ventajas principales:<\/h4>\n<ul>\n<li>Mayor eficiencia energ\u00e9tica.<\/li>\n<li>M\u00e1s econ\u00f3mico que el sistema tradicional.<\/li>\n<li>Gran absorci\u00f3n ac\u00fastica.<\/li>\n<li>Construcci\u00f3n r\u00e1pida y sencilla.<\/li>\n<li>Fabricaci\u00f3n de los conductos en obra.<\/li>\n<li>Conductos livianos.<\/li>\n<li>Facilidad de montaje.<\/li>\n<li>Menor costo de transporte.<\/li>\n<li>Mayor seguridad durante la fabricaci\u00f3n y montaje<\/li>\n<li>Excelente barrera de vapor.<\/li>\n<li>Altas velocidades de circulaci\u00f3n de aire.<\/li>\n<li>Excelente comportamiento al fuego.<\/li>\n<li>Conductos f\u00e1cilmente limpiables.<\/li>\n<li>No contribuye a la proliferaci\u00f3n de mohos.<\/li>\n<li>Durabilidad.<\/li>\n<li>Cumple normas para conductos no met\u00e1licos para HVAC: UL-181 A-P (americano) y UNE EN &#8211; 13403 (europea).<\/li>\n<\/ul>\n<p>[\/vc_column_text][\/vc_column][\/vc_row][vc_row parallax_speed=\u00bb5&#8243; parallax_x=\u00bb0&#8243; parallax_y=\u00bb0&#8243; css=\u00bb.vc_custom_1430554820082{padding-top: 50px !important;padding-bottom: 20px !important;}\u00bb][vc_column width=\u00bb1\/2&#8243;][\/vc_column][vc_column width=\u00bb1\/2&#8243;][\/vc_column][\/vc_row]<\/p>\n","protected":false},"excerpt":{"rendered":"<p>[vc_row parallax_speed=\u00bb5&#8243; parallax_x=\u00bb0&#8243; parallax_y=\u00bb0&#8243;][vc_column width=\u00bb1\/3&#8243;][vc_single_image image=\u00bb891&#8243; img_size=\u00bbfull\u00bb lightbox=\u00bbyes\u00bb][\/vc_column][vc_column width=\u00bb1\/3&#8243;][vc_images_carousel images=\u00bb886,889,887,891&#8243; img_size=\u00bbfull\u00bb][\/vc_column][vc_column width=\u00bb1\/3&#8243;][vc_single_image image=\u00bb890&#8243; img_size=\u00bbfull\u00bb lightbox=\u00bbyes\u00bb][\/vc_column][\/vc_row][vc_row parallax_speed=\u00bb5&#8243; parallax_x=\u00bb0&#8243; parallax_y=\u00bb0&#8243;][vc_column width=\u00bb1\/2&#8243;][vc_empty_space height=\u00bb20px\u00bb][vc_column_text] \u00bfQu\u00e9 hacemos? Realizamos la fabricaci\u00f3n e instalaci\u00f3n de conductos para aire acondicionado con el sistema\u00a0 Climaver. Es un sistema para la construcci\u00f3n de conductos autoportantes para aire acondicionado, Calefacci\u00f3n y Ventilaci\u00f3n, a partir de un\u00a0panel [&hellip;]<\/p>\n","protected":false},"author":1,"featured_media":0,"parent":266,"menu_order":0,"comment_status":"open","ping_status":"open","template":"templates\/template-fullwidth.php","meta":{"footnotes":""},"class_list":["post-290","page","type-page","status-publish","hentry","no-post-thumbnail"],"_links":{"self":[{"href":"https:\/\/gfingenieria.com.ar\/index.php?rest_route=\/wp\/v2\/pages\/290","targetHints":{"allow":["GET"]}}],"collection":[{"href":"https:\/\/gfingenieria.com.ar\/index.php?rest_route=\/wp\/v2\/pages"}],"about":[{"href":"https:\/\/gfingenieria.com.ar\/index.php?rest_route=\/wp\/v2\/types\/page"}],"author":[{"embeddable":true,"href":"https:\/\/gfingenieria.com.ar\/index.php?rest_route=\/wp\/v2\/users\/1"}],"replies":[{"embeddable":true,"href":"https:\/\/gfingenieria.com.ar\/index.php?rest_route=%2Fwp%2Fv2%2Fcomments&post=290"}],"version-history":[{"count":6,"href":"https:\/\/gfingenieria.com.ar\/index.php?rest_route=\/wp\/v2\/pages\/290\/revisions"}],"predecessor-version":[{"id":896,"href":"https:\/\/gfingenieria.com.ar\/index.php?rest_route=\/wp\/v2\/pages\/290\/revisions\/896"}],"up":[{"embeddable":true,"href":"https:\/\/gfingenieria.com.ar\/index.php?rest_route=\/wp\/v2\/pages\/266"}],"wp:attachment":[{"href":"https:\/\/gfingenieria.com.ar\/index.php?rest_route=%2Fwp%2Fv2%2Fmedia&parent=290"}],"curies":[{"name":"wp","href":"https:\/\/api.w.org\/{rel}","templated":true}]}}